
3
112 (base 4) to base 2
10110
What is b (base 13) in base 8?
13
What is 166 (base 12) in base 9?
266
Convert 110000 (base 2) to base 11.
44
What is 1c (base 13) in base 7?
34
Convert -1133 (base 6) to base 12.
-1a9
Convert -110 (base 11) to base 3.
-11220
Convert -443 (base 7) to base 14.
-123
Convert 0 (base 12) to base 14.
0
2 (base 13) to base 5
2
1020 (base 3) to base 12
29
-1221 (base 5) to base 3
-20220
Convert 10 (base 10) to base 11.
a
-12 (base 5) to base 15
-7
What is 1330 (base 4) in base 12?
a4
What is -a (base 14) in base 2?
-1010
Convert 10001 (base 2) to base 16.
11
What is -20 (base 7) in base 5?
-24
3 (base 9) to base 7
3
-6 (base 14) to base 10
-6
What is 7 (base 14) in base 15?
7
Convert 2 (base 14) to base 8.
2
What is 4 (base 5) in base 14?
4
Convert 11101 (base 3) to base 10.
118
What is 96 (base 13) in base 10?
123
Convert 0 (base 4) to base 10.
0
What is 17 (base 9) in base 10?
16
Convert -6 (base 16) to base 11.
-6
What is 3031 (base 5) in base 4?
12013
460 (base 7) to base 13
154
3 (base 16) to base 11
3
48 (base 15) to base 12
58
Convert 66 (base 13) to base 11.
77
What is 15 (base 11) in base 9?
17
What is 3 (base 5) in base 11?
3
3 (base 11) to base 13
3
Convert 7 (base 16) to base 10.
7
Convert 0 (base 2) to base 8.
0
What is -201 (base 6) in base 7?
-133
What is 121 (base 7) in base 8?
100
Convert -23 (base 4) to base 6.
-15
What is 10000 (base 2) in base 9?
17
-1 (base 5) to base 9
-1
-3 (base 7) to base 14
-3
Convert -a (base 11) to base 2.
-1010
What is -5 (base 8) in base 9?
-5
-13 (base 12) to base 2
-1111
Convert 10 (base 15) to base 7.
21
Convert -35 (base 16) to base 14.
-3b
Convert -142 (base 6) to base 11.
-57
0 (base 8) to base 9
0
23 (base 8) to base 7
25
What is -10 (base 4) in base 15?
-4
What is 3 (base 7) in base 6?
3
Convert -32 (base 5) to base 15.
-12
101 (base 2) to base 16
5
-d (base 15) to base 16
-d
20 (base 10) to base 9
22
Convert -8 (base 13) to base 7.
-11
1 (base 3) to base 9
1
What is -3 (base 12) in base 16?
-3
-3 (base 4) to base 5
-3
3010 (base 4) to base 16
c4
-130 (base 5) to base 8
-50
What is 0 (base 9) in base 6?
0
-1000 (base 2) to base 9
-8
What is 1 (base 16) in base 12?
1
Convert 121 (base 3) to base 6.
24
What is 3 (base 5) in base 2?
11
What is 112 (base 6) in base 11?
40
What is -1 (base 7) in base 12?
-1
-37 (base 12) to base 10
-43
3120 (base 4) to base 14
116
What is 0 (base 9) in base 7?
0
3 (base 4) to base 8
3
11 (base 9) to base 3
101
What is -10 (base 7) in base 6?
-11
What is -5 (base 11) in base 12?
-5
-333 (base 4) to base 6
-143
-25 (base 16) to base 9
-41
Convert 25 (base 10) to base 13.
1c
What is 7 (base 8) in base 10?
7
Convert 228 (base 9) to base 3.
20222
-17 (base 16) to base 9
-25
Convert -2 (base 13) to base 8.
-2
Convert 14 (base 10) to base 16.
e
Convert 113 (base 4) to base 11.
21
What is 57 (base 9) in base 3?
1221
-2 (base 9) to base 12
-2
Convert 340 (base 6) to base 14.
96
What is 1010 (base 2) in base 15?
a
-22 (base 3) to base 10
-8
3 (base 8) to base 4
3
0 (base 7) to base 10
0
-1011 (base 2) to base 14
-b
Convert 12 (base 4) to base 14.
6
What is 11 (base 2) in base 7?
3
What is 40 (base 12) in base 2?
110000
Convert 2 (base 9) to base 2.
10
6 (base 15) to base 2
110
13 (base 12) to base 16
f
-50 (base 10) to base 3
-1212
-10 (base 3) to base 6
-3
1c (base 16) to base 15
1d
46 (base 13) to base 7
112
76 (base 9) to base 8
105
What is 11 (base 4) in base 8?
5
130 (base 7) to base 2
1000110
-9 (base 15) to base 6
-13
380 (base 9) to base 14
187
What is -110 (base 2) in base 3?
-20
What is -14 (base 9) in base 10?
-13
Convert -6a (base 13) to base 7.
-154
Convert 238 (base 11) to base 15.
13d
-7a (base 13) to base 12
-85
What is -15c (base 14) in base 10?
-278
-12 (base 10) to base 2
-1100
6 (base 11) to base 5
11
1 (base 16) to base 2
1
Convert -20 (base 7) to base 8.
-16
Convert 51 (base 9) to base 6.
114
5 (base 9) to base 6
5
41 (base 6) to base 5
100
What is -a (base 15) in base 5?
-20
Convert -2 (base 14) to base 9.
-2
Convert -4 (base 6) to base 8.
-4
What is 35 (base 11) in base 10?
38
Convert -3 (base 12) to base 5.
-3
1 (base 16) to base 14
1
What is -4 (base 8) in base 7?
-4
Convert -2 (base 10) to base 8.
-2
-3 (base 10) to base 5
-3
What is -2 (base 11) in base 14?
-2
100 (base 2) to base 16
4
What is -3 (base 15) in base 10?
-3
-66 (base 13) to base 8
-124
Convert -95 (base 15) to base 13.
-aa
What is -1 (base 9) in base 14?
-1
Convert 63 (base 7) to base 12.
39
Convert 15a (base 13) to base 2.
11110100
What is 101121 (base 3) in base 4?
10132
Convert -88 (base 9) to base 14.
-5a
1000 (base 2) to base 10
8
-13 (base 7) to base 13
-a
Convert -75 (base 8) to base 15.
-41
What is 6 (base 8) in base 12?
6
What is 12 (base 11) in base 10?
13
Convert -5 (base 11) to base 15.
-5
-14 (base 9) to base 10
-13
0 (base 4) to base 7
0
What is 64 (base 16) in base 13?
79
Convert 104 (base 10) to base 12.
88
Convert -2 (base 7) to base 15.
-2
Convert 4 (base 9) to base 13.
4
What is -8 (base 9) in base 2?
-1000
What is -1010111 (base 2) in base 10?
-87
-11 (base 6) to base 14
-7
What is -3f (base 16) in base 4?
-333
What is -1e (base 15) in base 14?
-21
Convert -10221 (base 3) to base 7.
-211
What is -2 (base 16) in base 13?
-2
2 (base 13) to base 9
2
Convert 1 (base 9) to base 2.
1
Convert -30 (base 14) to base 2.
-101010
What is 334 (base 7) in base 10?
172
What is -2 (base 4) in base 16?
-2
26 (base 8) to base 10
22
-11 (base 6) to base 7
-10
What is 1 (base 9) in base 13?
1
Convert 1e (base 15) to base 12.
25
2 (base 10) to base 7
2
18 (base 16) to base 6
40
What is 1 (base 4) in base 9?
1
What is 23 (base 5) in base 11?
12
340 (base 6) to base 11
110
Convert -2c (base 15) to base 8.
-52
-5 (base 14) to base 5
-10
Convert 0 (base 3) to base 4.
0
What is 2101 (base 3) in base 12?
54
What is 2 (base 13) in base 16?
2
0 (base 8) to base 14
0
Convert -41 (base 9) to base 16.
-25
Convert -10 (base 4) to base 15.
-4
What is 11101 (base 2) in base 16?
1d
What is 15 (base 13) in base 5?
33
Convert -1 (base 16) to base 2.
-1
28 (base 13) to base 6
54
2 (base 5) to base 8
2
What is 1b (base 12) in base 15?
18
Convert -3 (base 12) to base 14.
-3
What is -22 (base 3) in base 16?
-8
What is -35 (base 7) in base 12?
-22
Convert -1 (base 13) to base 8.
-1
Convert 21 (base 11) to base 9.
25
-17 (base 9) to base 15
-11
What is 102 (base 3) in base 13?
b
What is 14 (base 11) in base 7?
21
What is -16 (base 8) in base 15?
-e
Convert -12 (base 3) to base 5.
-10
What is -6 (base 9) in base 16?
-6
Convert -1 (base 14) to base 4.
-1
What is -1201 (base 4) in base 13?
-76
Convert -10 (base 5) to base 3.
-12
-102 (base 4) to base 8
-22
What is 26 (base 15) in base 10?
36
Convert 113 (base 4) to base 8.
27
-47 (base 8) to base 3
-1110
-1 (base 15) to base 11
-1
-110101 (base 2) to base 7
-104
Convert 6 (base 10) to base 12.
6
Convert -4 (base 8) to base 9.
-4
Convert 16 (base 9) to base 14.
11
What is 2123 (base 5) in base 14?
168
What is -2201 (base 3) in base 14?
-53
What is 8 (base 14) in base 16?
8
Convert 0 (base 9) to base 2.
0
What is -331 (base 7) in base 11?
-144
14 (base 10) to base 12
12
1 (base 16) to base 9
1
Convert 62 (base 10) to base 7.
116
What is 17 (base 13) in base 8?
24
Convert -12 (base 3) to base 13.
-5
Convert 1 (base 2) to base 7.
1
Convert -2 (base 3) to base 8.
-2
Convert -1 (base 10) to base 5.
-1
Convert -117 (base 8) to base 14.
-59
What is 1101 (base 2) in base 15?
d
Convert 105 (base 8) to base 5.
234
9 (base 10) to base 5
14
1 (base 9) to base 15
1
7 (base 11) to base 14
7
Convert -46 (base 10) to base 2.
-101110
Convert -11 (base 3) to base 15.
-4
1 (base 7) to base 11
1
What is -19 (base 12) in base 2?
-10101
What is -2 (base 16) in base 9?
-2
-d (base 14) to base 9
-14
Convert -1 (base 8) to base 4.
-1
Convert -3 (base 4) to base 11.
-3
Convert -12c (base 15) to base 2.
-100001011
What is -10 (base 2) in base 13?
-2
What is -3 (base 4) in base 7?
-3
Convert -4 (base 15) to base 4.
-10
-a5 (base 13) to base 11
-113
What is 0 (base 16) in base 8?
0
What is 2 (base 5) in base 15?
2
Convert 1 (base 9) to base 11.
1
Convert 7 (base 11) to base 15.
7
Convert 103 (base 4) to base 15.
14
What is 15 (base 6) in base 13?
b
1001111